hen 7631 is divided by 176.
63
Calculate the remainder when 1058127 is divided by 96193.
4
What is the remainder when 34249 is divided by 2633?
20
Calculate the remainder when 118105 is divided by 118094.
11
What is the remainder when 405920 is divided by 38?
4
What is the remainder when 18691 is divided by 246?
241
Calculate the remainder when 819096 is divided by 80.
56
What is the remainder when 7829 is divided by 1561?
24
Calculate the remainder when 34355 is divided by 3123.
2
Calculate the remainder when 725072 is divided by 25.
22
What is the remainder when 4430 is divided by 337?
49
Calculate the remainder when 1350 is divided by 646.
58
What is the remainder when 1838 is divided by 13?
5
What is the remainder when 321656 is divided by 11?
5
Calculate the remainder when 1884 is divided by 854.
176
Calculate the remainder when 3352 is divided by 370.
22
Calculate the remainder when 5154 is divided by 185.
159
Calculate the remainder when 948 is divided by 301.
45
What is the remainder when 7917 is divided by 1108?
161
Calculate the remainder when 53366 is divided by 494.
14
What is the remainder when 356741 is divided by 38?
35
Calculate the remainder when 48026 is divided by 151.
8
Calculate the remainder when 111989 is divided by 127.
102
What is the remainder when 34515 is divided by 66?
63
What is the remainder when 174454 is divided by 58142?
28
What is the remainder when 490088 is divided by 961?
939
What is the remainder when 10078 is divided by 18?
16
What is the remainder when 15384 is divided by 147?
96
What is the remainder when 183532 is divided by 38?
30
What is the remainder when 26052 is divided by 3721?
5
Calculate the remainder when 11524 is divided by 120.
4
Calculate the remainder when 348457 is divided by 22.
21
Calculate the remainder when 192 is divided by 46.
8
What is the remainder when 3005363 is divided by 12?
11
Calculate the remainder when 32737 is divided by 992.
1
Calculate the remainder when 57445 is divided by 26.
11
Calculate the remainder when 33328 is divided by 3702.
10
Calculate the remainder when 150371 is divided by 125.
121
Calculate the remainder when 4638 is divided by 13.
10
Calculate the remainder when 117493 is divided by 105.
103
What is the remainder when 6826 is divided by 285?
271
Calculate the remainder when 211341 is divided by 222.
219
What is the remainder when 25790 is divided by 469?
464
What is the remainder when 4720 is divided by 48?
16
Calculate the remainder when 37168 is divided by 295.
293
Calculate the remainder when 4354634 is divided by 26.
24
What is the remainder when 90374 is divided by 38?
10
What is the remainder when 1310 is divided by 96?
62
What is the remainder when 1217 is divided by 99?
29
Calculate the remainder when 8994 is divided by 2134.
458
Calculate the remainder when 15735 is divided by 5149.
288
Calculate the remainder when 26550 is divided by 456.
102
What is the remainder when 1451532 is divided by 5111?
8
Calculate the remainder when 546 is divided by 440.
106
Calculate the remainder when 1312 is divided by 435.
7
Calculate the remainder when 41890 is divided by 537.
4
What is the remainder when 138563 is divided by 19?
15
Calculate the remainder when 10908 is divided by 605.
18
What is the remainder when 102072 is divided by 103?
102
What is the remainder when 473544 is divided by 10523?
9
What is the remainder when 261 is divided by 134?
127
What is the remainder when 9991 is divided by 175?
16
Calculate the remainder when 368745 is divided by 18.
15
What is the remainder when 13707 is divided by 2739?
12
Calculate the remainder when 7154 is divided by 2.
0
Calculate the remainder when 2354 is divided by 849.
656
Calculate the remainder when 417394 is divided by 20.
14
Calculate the remainder when 6139 is divided by 32.
27
Calculate the remainder when 49882 is divided by 278.
120
What is the remainder when 9768 is divided by 521?
390
What is the remainder when 2666 is divided by 530?
16
What is the remainder when 66696 is divided by 793?
84
Calculate the remainder when 82663 is divided by 83.
78
What is the remainder when 193494 is divided by 32?
22
Calculate the remainder when 215 is divided by 36.
35
What is the remainder when 1461 is divided by 1352?
109
What is the remainder when 54023 is divided by 916?
895
Calculate the remainder when 37765 is divided by 107.
101
What is the remainder when 19686 is divided by 78?
30
What is the remainder when 906213 is divided by 122?
119
Calculate the remainder when 12448 is divided by 12407.
41
What is the remainder when 5238 is divided by 262?
260
What is the remainder when 40114 is divided by 13338?
100
Calculate the remainder when 184746 is divided by 41.
0
What is the remainder when 158748 is divided by 352?
348
Calculate the remainder when 7031 is divided by 17.
10
Calculate the remainder when 24338 is divided by 451.
435
Calculate the remainder when 75346 is divided by 37669.
8
Calculate the remainder when 3010 is divided by 1547.
1463
What is the remainder when 14157 is divided by 4718?
3
Calculate the remainder when 137 is divided by 62.
13
Calculate the remainder when 13518 is divided by 149.
108
What is the remainder when 2487 is divided by 53?
49
What is the remainder when 20522 is divided by 763?
684
Calculate the remainder when 3292 is divided by 1635.
22
Calculate the remainder when 74603 is divided by 410.
393
Calculate the remainder when 7246 is divided by 12.
10
Calculate the remainder when 34869 is divided by 1244.
37
What is the remainder when 334557 is divided by 697?
694
Calculate the remainder when 17691 is divided by 66.
3
What is the remainder when 1261038 is divided by 220?
218
What is the remainder when 4015 is divided by 504?
487
What is the remainder when 14905 is divided by 7447?
11
What is the remainder when 225786 is divided by 219?
216
What is the remainder when 18213 is divided by 2582?
139
Calculate the remainder when 18973 is divided by 306.
1
What is the remainder when 16176185 is divided by 162?
161
What is the remainder when 57194 is divided by 47?
42
Calculate the remainder when 3659 is divided by 406.
5
What is the remainder when 228466 is divided by 384?
370
Calculate the remainder when 577839 is divided by 466.
465
What is the remainder when 5097 is divided by 1639?
180
What is the remainder when 3594 is divided by 111?
42
Calculate the remainder when 440782 is divided by 144.
142
What is the remainder when 62724 is divided by 2023?
11
Calculate the remainder when 919 is divided by 825.
94
What is the remainder when 1423 is divided by 363?
334
What is the remainder when 937520 is divided by 46876?
0
Calculate the remainder when 2515 is divided by 202.
91
What is the remainder when 52623 is divided by 43?
34
Calculate the remainder when 3983 is divided by 426.
149
What is the remainder when 77623 is divided by 38795?
33
What is the remainder when 14366 is divided by 211?
18
Calculate the remainder when 8612 is divided by 860.
12
Calculate the remainder when 110601 is divided by 182.
127
What is the remainder when 896 is divided by 158?
106
Calculate the remainder when 42206 is divided by 10405.
586
What is the remainder when 3819 is divided by 6?
3
What is the remainder when 247 is divided by 74?
25
Calculate the remainder when 8035 is divided by 618.
1
Calculate the remainder when 1152 is divided by 474.
204
What is the remainder when 16560 is divided by 264?
192
Calculate the remainder when 604763 is divided by 185.
183
What is the remainder when 156182 is divided by 1358?
12
What is the remainder when 24794 is divided by 184?
138
What is the remainder when 410343 is divided by 153?
150
What is the remainder when 809993 is divided by 25?
18
What is the remainder when 444 is divided by 59?
31
What is the remainder when 9855 is divided by 56?
55
What is the remainder when 1518380 is divided by 48?
44
What is the remainder when 17429 is divided by 755?
64
What is the remainder when 1800 is divided by 406?
176
Calculate the remainder when 47947 is divided by 33.
31
What is the remainder when 1061 is divided by 872?
189
What is the remainder when 20502 is divided by 233?
231
Calculate the remainder when 5521 is divided by 211.
35
Calculate the remainder when 25782 